ds digit of 581260?
5
What is the tens digit of 3902438?
3
What is the hundreds digit of 1297448?
4
What is the ten thousands digit of 38742?
3
What is the ten thousands digit of 1051660?
5
What is the ten thousands digit of 795031?
9
What is the ten thousands digit of 157092?
5
What is the hundreds digit of 193337?
3
What is the hundreds digit of 952166?
1
What is the units digit of 2447080?
0
What is the hundreds digit of 659128?
1
What is the hundreds digit of 5509398?
3
What is the hundred thousands digit of 135883?
1
What is the thousands digit of 25052644?
2
What is the hundreds digit of 2185864?
8
What is the tens digit of 107979?
7
What is the thousands digit of 3387759?
7
What is the tens digit of 7476208?
0
What is the thousands digit of 242048?
2
What is the hundreds digit of 77540?
5
What is the thousands digit of 1262015?
2
What is the thousands digit of 248465?
8
What is the hundreds digit of 57377?
3
What is the tens digit of 2144395?
9
What is the hundreds digit of 302160?
1
What is the millions digit of 6660783?
6
What is the units digit of 188512?
2
What is the tens digit of 238743?
4
What is the ten thousands digit of 713190?
1
What is the thousands digit of 110793?
0
What is the tens digit of 67077?
7
What is the hundred thousands digit of 1965546?
9
What is the ten thousands digit of 8753470?
5
What is the millions digit of 12883414?
2
What is the hundreds digit of 23107?
1
What is the millions digit of 3140439?
3
What is the hundreds digit of 191748?
7
What is the tens digit of 65091?
9
What is the hundreds digit of 7541261?
2
What is the ten thousands digit of 886985?
8
What is the tens digit of 5794433?
3
What is the hundreds digit of 3065918?
9
What is the thousands digit of 1150844?
0
What is the tens digit of 1503739?
3
What is the units digit of 1363104?
4
What is the thousands digit of 967733?
7
What is the ten thousands digit of 1115504?
1
What is the hundreds digit of 1005635?
6
What is the hundred thousands digit of 490269?
4
What is the thousands digit of 1889143?
9
What is the millions digit of 1134059?
1
What is the tens digit of 7145144?
4
What is the units digit of 188184?
4
What is the units digit of 10647494?
4
What is the tens digit of 2381275?
7
What is the hundreds digit of 21108024?
0
What is the ten thousands digit of 26974?
2
What is the tens digit of 9369091?
9
What is the ten thousands digit of 1346001?
4
What is the hundreds digit of 768127?
1
What is the millions digit of 1891005?
1
What is the tens digit of 299030?
3
What is the thousands digit of 12807509?
7
What is the ten millions digit of 38272261?
3
What is the tens digit of 1936699?
9
What is the tens digit of 1901510?
1
What is the thousands digit of 121629?
1
What is the millions digit of 1675099?
1
What is the millions digit of 1496467?
1
What is the hundred thousands digit of 749244?
7
What is the millions digit of 4778258?
4
What is the ten thousands digit of 1621877?
2
What is the ten thousands digit of 281780?
8
What is the hundred thousands digit of 2487784?
4
What is the thousands digit of 582494?
2
What is the tens digit of 8937170?
7
What is the millions digit of 8277258?
8
What is the units digit of 6046093?
3
What is the thousands digit of 105978?
5
What is the ten thousands digit of 67686?
6
What is the thousands digit of 3608714?
8
What is the tens digit of 1833019?
1
What is the hundreds digit of 629303?
3
What is the tens digit of 30094033?
3
What is the tens digit of 13242376?
7
What is the ten thousands digit of 2693128?
9
What is the tens digit of 488623?
2
What is the hundred thousands digit of 689912?
6
What is the hundreds digit of 96815?
8
What is the thousands digit of 306767?
6
What is the ten thousands digit of 1951666?
5
What is the thousands digit of 5705025?
5
What is the thousands digit of 2267411?
7
What is the units digit of 1308638?
8
What is the tens digit of 3684024?
2
What is the hundred thousands digit of 1944291?
9
What is the hundreds digit of 7067330?
3
What is the ten thousands digit of 708839?
0
What is the hundreds digit of 342629?
6
What is the ten thousands digit of 1059325?
5
What is the hundreds digit of 246738?
7
What is the hundreds digit of 1997592?
5
What is the hundred thousands digit of 385785?
3
What is the thousands digit of 177864?
7
What is the ten millions digit of 34307999?
3
What is the hundreds digit of 1056488?
4
What is the thousands digit of 680333?
0
What is the ten thousands digit of 133996?
3
What is the thousands digit of 86260?
6
What is the thousands digit of 3914081?
4
What is the units digit of 10667174?
4
What is the millions digit of 18248387?
8
What is the tens digit of 51030?
3
What is the hundreds digit of 496644?
6
What is the hundred thousands digit of 2047328?
0
What is the hundred thousands digit of 6138722?
1
What is the ten millions digit of 12864023?
1
What is the hundreds digit of 878283?
2
What is the tens digit of 2961296?
9
What is the thousands digit of 22722272?
2
What is the tens digit of 3525186?
8
What is the tens digit of 7759986?
8
What is the thousands digit of 5549065?
9
What is the millions digit of 1551365?
1
What is the ten thousands digit of 4602987?
0
What is the ten thousands digit of 6344063?
4
What is the ten thousands digit of 618025?
1
What is the hundred thousands digit of 272660?
2
What is the hundred thousands digit of 4410484?
4
What is the hundreds digit of 5213?
2
What is the thousands digit of 621630?
1
What is the ten thousands digit of 99892?
9
What is the thousands digit of 2478381?
8
What is the ten thousands digit of 1832158?
3
What is the units digit of 447163?
3
What is the hundreds digit of 13697506?
5
What is the hundred thousands digit of 529354?
5
What is the tens digit of 708051?
5
What is the tens digit of 3300464?
6
What is the ten millions digit of 28754924?
2
What is the hundred thousands digit of 855148?
8
What is the thousands digit of 112283?
2
What is the ten thousands digit of 3067613?
6
What is the tens digit of 7096395?
9
What is the units digit of 162420?
0
What is the tens digit of 8844321?
2
What is the ten thousands digit of 41501?
4
What is the hundreds digit of 1382696?
6
What is the units digit of 361715?
5
What is the tens digit of 711341?
4
What is the units digit of 391547?
7
What is the hundred thousands digit of 4957325?
9
What is the units digit of 47082?
2
What is the tens digit of 1230744?
4
What is the tens digit of 1119913?
1
What is the hundreds digit of 2555250?
2
What is the millions digit of 2721058?
2
What is the tens digit of 105314?
1
What is the millions digit of 1543524?
1
What is the units digit of 493594?
4
What is the ten thousands digit of 31510489?
1
What is the hundred thousands digit of 1263534?
2
What is the thousands digit of 1827492?
7
What is the hundreds digit of 164436?
4
What is the hundred thousands digit of 2032756?
0
What is the tens digit of 231509?
0
What is the hundreds digit of 335000?
0
What is the units digit of 9652?
2
What is the tens digit of 2731361?
6
What is the ten thousands digit of 573435?
7
What is the hundred thousands digit of 8669547?
6
What is the thousands digit of 10751546?
1
What is the tens digit of 438914?
1
What is the tens digit of 299765?
6
What is the hundred thousands digit of 17118748?
1
What is the hundreds digit of 9941106?
1
What is the tens digit of 4523024?
2
What is the hundreds digit of 53249?
2
What is the ten thousands digit of 818396?
1
What is the tens digit of 6702561?
6
What is the units digit of 105325?
5
What is the millions digit of 3321660?
3
What is the thousands digit of 2359642?
9
What is the hundreds digit of 151500?
5
What is the tens digit of 1521811?
1
What is the hundred thousands digit of 3691302?
6
What is the hundred thousands digit of 2395686?
3
What is the thousands digit of 14825827?
5
What is the hundreds digit of 11111244?
2
What is the hundred thousands digit of 787143?
7
What is the hundred thousands digit of 1517615?
5
What is the tens digit of 266409?
0
What is the millions digit of 9020014?
9
What is the hundreds digit of 20878052?
0
What is the ten thousands digit of 776667?
7
What is the tens digit of 9528686?
8
What is the units digit of 3898501?
1
What is the hundreds digit of 300762?